- 8103 - (0 - -24 - 1)
107
Evaluate 101 - (27 - (-23 + -76)).
-25
Calculate (-52 + 104 - -44) + 0 - (-1 + 11).
86
(1228 - 1097) + 7 + -45
93
What is the value of -21 + -1 + 386 + -346 - 4?
14
Calculate 12 - ((-26 - -7) + 15) - 9.
7
What is 6 + -34 + 48 - 25?
-5
What is the value of -1 + -2 - (24 - (-11 + 45) - -40)?
-33
Calculate (3 + 13 - 28) + -69 + 23.
-58
What is -24 - -10 - (33 + (9 - -1))?
-57
Evaluate (-39 - (-58 + 0)) + -24 + -8 + 0 + 0.
-13
What is the value of (-1116 - -1344) + (3 - 151)?
80
-10 + -1 + -430 + 447 + 32 + 0 + 0
38
What is -3 + -10 + (-160 + 164 - (-1 - 125) - -11)?
128
Calculate (3 + (-3 - -3) + 3 - -2) + (-798 - -820).
30
Evaluate 1 - -9 - (-125 - (-96 - 16)).
23
Calculate -1308 + 1352 - (31 - -3).
10
Evaluate 1011 - 1040 - (4 + -18).
-15
What is -6 + 4 + 15 + 103 + -91 - 12?
13
Calculate -19 - -4 - -10 - (4 + -5 + 53).
-57
What is 3 - -8 - (-15 + -3 + 31 + -14)?
12
What is -1 + -44 - (-696 + 712 - (1 + 0))?
-60
Calculate 3 - (5 + 10 + 6) - -62.
44
Evaluate 9 + -1 - 27 - (-5 - (-5 - 3)).
-22
What is the value of 41 + 17 - (9 + (-9 - -7))?
51
Evaluate (-11 - -1) + (-16 - (-8 - (-14 - -18))).
-14
(-31 + (23 - 2) - (1 - 33) - 13) + -51
-42
What is -23 + (-48 - -17) + 57 + (-1 - (102 - 1))?
-99
72 + 41 + -70 - (18 + -6)
31
What is (5 - 52) + (98 + -85 - (17 + 3 + 1))?
-55
Calculate (-92 - 2) + (87 - (237 - 155)).
-89
-58 + 70 - (-65 + (-5 - (-7 + 11 + -16)))
70
What is -22 + (-6 - (32 - 33)) - -7?
-20
Calculate (-3 - (14 + 6)) + (852 - 758).
71
51 + (-7 - (-29 - -108))
-35
Evaluate 196 + -117 + (-44 - -17).
52
(1 - 14) + (44 + 0 - (153 + -112))
-10
What is 70 + (156 - 0 - 105)?
121
Evaluate 47 + (125 - (216 + -6)).
-38
Evaluate 27 + -5 - 14 - (30 - -1 - -8 - -4).
-35
What is -6 + 6 - (-162 + 137) - 34?
-9
What is -30 - (-52 + (46 - 19))?
-5
Evaluate 305 + -319 - ((-91 - -5) + -7).
79
Calculate -16 + (-63 - (19 - 44) - -25).
-29
-30 - (13 - 3 - 7 - -4 - -5)
-42
What is -72 - (-9 + -8 + 9 - (-39 + 22))?
-81
Calculate (4 - 59) + -4 - (30 + 23 + -62).
-50
What is the value of 37 - (-2 - (-29 - (-39 - -20)))?
29
-67 + -2 + (-3 - -5) - (8 + -13)
-62
Calculate 18 + ((14 - (18 + -16)) + -2 - -4).
32
Evaluate 38 + (-52 - -75) - 39.
22
What is (-21 - 14) + 10 + 48?
23
Evaluate 14 + -13 + -2 + -5 + 1 + (50 - -2).
47
(-37 - (-2 + 17)) + -13 + -13 + 9
-69
64 - (25 + 71 - 20)
-12
What is -2 + (-22 - ((-3 - -1) + (-87 - -80)))?
-15
What is the value of -26 - (-31 - -18 - -82)?
-95
Evaluate (48 + -19 - 34) + (-2 - -11) - (1 - -1).
2
24 - (5 + 0 - (20 + -24 - -2 - -19))
36
What is 67 + -13 + (25 - (36 - 16))?
59
What is (22 - 29) + -17 - (-11 + 25)?
-38
What is the value of -21 - ((3 - 13) + (47 - 46) + -2)?
-10
Evaluate -13 - 86 - (55 + -86).
-68
Evaluate 0 - -9 - (513 + -481) - -37.
14
Calculate -7 + (31 - 27) + -30 + -34.
-67
-90 + -82 + 190 + (3 + -2 - 15)
4
Calculate -18 - (-181 + -74 + 176).
61
What is (9 - (32 + -10)) + 3 - -24 - (1 - -7)?
6
Evaluate -12 + -63 - -53 - 12.
-34
Calculate (41 - -9) + 159 + -178.
31
Calculate 10 + -17 + 60 + -5 + -2 + 3.
49
Calculate (10 - (-17 + 37) - 96) + (-4 - -3) + 11.
-96
What is the value of 40 + 20 + 13 + -92 + 38?
19
What is -23 - ((29 - 28) + -28)?
4
What is -111 + (138 - 57) - (4 - -1)?
-35
Calculate -229 + 1 + 3 + 113.
-112
What is (85 - (1 - 12)) + (-14 - (15 + -40 + 13))?
94
Evaluate (18 - (81 - (5 + -3))) + (43 - 47).
-65
What is (-3 - ((-13 - -3) + 18)) + 5 + 0?
-6
Calculate (16 - (71 - 27)) + 35 + 71 + 1.
79
What is 147 + -124 - (2 - -38)?
-17
What is 57 + 1 + -184 - -30?
-96
8 - 7 - -48 - (-53 - -60)
42
(-67 - (-28 + -98)) + -118
-59
What is the value of 51 - ((2 + 12 - (18 - 21)) + -8 + 3)?
39
Evaluate (-4 + -2 - (2 - 24 - -9)) + -35 + 1.
-27
-28 - -1 - (659 - 699)
13
Evaluate 2 + 15 - ((50 - 45) + -64 + -7).
83
What is the value of (8 - -4 - (2 + 8 + 12 - 10)) + 152?
152
Calculate 22 + (27 - 36) + (5 - 3 - 0) + 10.
25
Evaluate 4733 - 4795 - (2 + -83).
19
20 + 49 + -6 + -78
-15
Calculate (-32 - -15) + 0 + 12 + 14 + (-5 - 55).
-51
Evaluate (107 - 87) + (-13 - (-5 + -39)).
51
Calculate 34 - -10 - 87 - -65.
22
(-30 - 2) + -15 + (12 - (14 + 8 + -19))
-38
Calculate (5 - (-7 - -2)) + 5 + -32 + -52.
-69
What is -14 + 21 + 39 + 16 + 32?
94
(-58 - (-1 - (1 - 1)) - 1) + (179 - 169)
-48
(0 - -3) + 11 + -14 + (-84 - (-39 - -27))
-72
Calculate -4 + (-4 - -36) + 43 + -147.
-76
What is the value of -95 + 4 + ((7 - 9) + 7 - (-12 - -33))?
-107
-28 + (-75 - -52 - (13 + -62))
-2
What is -10 + -8 + 27 + -10 + 52 + 6?
57
What is -30 + 23 + (34 + -15 - 30)?
-18
-15 + ((-16 - (4 + -3)) + 7 - -3)
-22
Calculate 39 + (11 - -11) + -16.
45
Calculate (395 - 358) + 3 + 2 + (2 - 3).
41
What is the value of -46 + (-40 - -231 - 72)?
73
Calculate -15 + (13 - -26) + -14 + (-7 - -5).
8
9 - 4 - -3 - 23 - (-2 + -15 + 13)
-11
Evaluate (-499 - -449) + (1 - -101).
52
What is the value of -8 - (2 - 24) - (2 + (-2 - -7) - 5)?
12
What is the value of 5 + 46 + 2 + 2 + (1 - (8 - 17))?
65
-38 - ((0 - 20) + 3455 + -3477)
4
Calculate 9 + (-24 - (-15 + 42)).
-42
What is (125 - -94 - 164) + -17 + -1?
37
Evaluate 19 + -2 + (17 - 28) + (-10 - 1).
-5
98 - (173 - 69) - (0 + 2 + 18)
-26
Calculate 3911 + -3911 + -1 + 31 + -1.
29
Evaluate 0 + 4 - ((-907 - -905) + -1 + 7 + -3).
3
(14 - -35 - -11) + (-12 - -4)
52
Calculate 37 + ((-16 - -6) + 7 - -11) + -7.
38
(63 + -33 - (-10 + 25)) + -80
-65
Calculate 2 - (-33 + 11 - (30 + -20)).
34
What is the value of -430 - -442 - (-4 + 19)?
-3
(0 - -1) + -26 - (-15401 - -15515)
-139
-267 + 210 + 84 + -1 + -44
-18
Calculate 12 - (-1 + 69 + (-15 - -7) - (36 + -24)).
-36
What is -1419 + 1412 + (4 + -54 - -3)?
-54
Calculate 45 - (27 - ((-22 - -28) + 2)).
26
What is the value of 21 + -1 - -5 - (241 + -196)?
-20
-1 + -71 - (1205 - 1289)
12
Calculate 16 - (-22 - (27 - (9 - 26))).
82
Calculate -14 + 1 + 14 + -18 + 11 + 17.
11
Evaluate (-93 - -124) + -67 + (2 + 3 - -2).
-29
What is the value of 19 - (0 + (13 - -85) + -39)?
-40
Evaluate -1 + 47 + (-46 + 22 - -31).
53
What is the value of (-22 - (-96 - -65)) + -61?
-52
What is the value of 109 + -113 + -2 + 2 + (-59 - -3) + 3?
-57
Evaluate 9 + 4 + -19 + 1 + 21 + -15 - 40.
-39
What is 2 - 1 - -38 - (-20 + 22)?
37
What is 105 + (-70 + 94 - 66)?
63
-88 + 4 + (-2 - -1) + (20 + 10 - 17)
-72
-50 + 4 + 8 - -63
25
Evaluate -19 + (7 - -16 - 15) + (8 - (1 + 1)).
-5
-2 + 58 + -34 + -86
-64
6 + (2 - 4 - 16) + (-11 + 6 - -11)
-6
Calculate -2 + 13 + (-10 - 4 - -18) - -3.
18
What is the value of -4 + (-7 - 16 - -25)?
-2
43 + -38 - (81 - 74)
-2
Calculate (-31 - (1 - 0 - -1) - -7) + (-14 - -14).
-26
Calculate (-24 - ((-22 - -6) + -11)) + (155 - (11 - 8)).
155
Calculate -19 - (89 - 126) - 74.
-56
What is 30 - 1 - (10 - (-74 + 109))?
54
What is 12 + 6 + (18 - -5) + 8?
49
What is the value of 16 - 7 - 12 - -15 - 147 - -1?
-134
What is 8 + -38 - (-7 - (6 + (14 - 28)))?
-31
Calculate -1966 + 1890 - (-9 - -4 - -19).
-90
Calculate 72 + (-1 - 30) + 94 + (2 - 86).
51
Calculate 0 - -24 - (63 + -54).
15
(-1 - -127) + (-123 - -165) + -60
108
Evaluate 17 + -5 - -7 - 12 - (0 + -15).
22
Calculate -3 + 3 + 25 + -8740 + 8731.
16
Calculate -398 + 300 + (45 - 9).
-62
What is the value of 66 + 24 - (41 - -144)?
-95
Evaluate -2 + 7 + (16 - (16 + -9) - 48).
-34
Evaluate 0 + 8 + -4 + -91 + 33 + -28 + -15.
-97
7 - (-61 - -11) - 6
51
Calculate (4 - 11) + 12 + (-18 - (2 - -1)).
-16
What is the value of 20 + -1 + -2376 + 2345?
-12
-20 - 3 - (-53 + -9) - 24
15
What is the value of -146 - -112 - (-35 - 5) - (15 + 0)?
-9
What is the value of (6 - (-13 - (-4 + -4))) + -62 + -4?
-55
Calculate (-5 - -61) + -118 - -39.
-23
Calculate -25 + 13 + 0 + (-66 - -16).
-62
What is (-48 - -147) + -98 + (2 - -10)?
13
Evaluate 520 + -501 - (13 - -4).
2
Calculate 44 - (-155 - -16 - -90).
93
What is the value of 65 + -4 + 2 + -5 + -37 + 18 + 25?
64
Calculate -35 + 22 + 7 + -6 + 20.
8
What is the value of -21 - (-47 - -11 - -10)?
5
What is the value of 11 - (80 + -15 + 4 + 2 + -1 + 14)?
-73
Evaluate 4 + -2 + 18 - (-10 - -4).
26
Calculate (0 - (-3 - (4 - 2))) + 1853 + -1870.
-12
What is (-1 - 75) + -5478 + 5560?
6
(7 - 10) + 26 - (10 + -25 + 1)
37
What is the value of -26 + (16 - (2 + 0 - (94 + -104)))?
-22
What is -2 + 0 - 1 - (-91 + (17 - -48))?
23
Calculate 30 - (1 - (27 + -20 + -23)).
13
What is the value of 0 + -29 + 65 